{"id":143,"date":"2024-09-04T23:41:34","date_gmt":"2024-09-04T21:41:34","guid":{"rendered":"https:\/\/psy-gestalt-franche-comte.com\/?page_id=143"},"modified":"2025-05-06T11:52:08","modified_gmt":"2025-05-06T09:52:08","slug":"qui-suis-je","status":"publish","type":"page","link":"https:\/\/psy-gestalt-franche-comte.com\/index.php\/qui-suis-je\/","title":{"rendered":"Qui suis-je ?"},"content":{"rendered":"\n<figure class=\"wp-block-image aligncenter size-full is-resized\"><img fetchpriority=\"high\" decoding=\"async\" width=\"1920\" height=\"2560\" src=\"https:\/\/psy-gestalt-franche-comte.com\/wp-content\/uploads\/2025\/05\/moi-scaled.jpg\" alt=\"\" class=\"wp-image-304\" style=\"width:292px;height:auto\" srcset=\"https:\/\/psy-gestalt-franche-comte.com\/wp-content\/uploads\/2025\/05\/moi-scaled.jpg 1920w, https:\/\/psy-gestalt-franche-comte.com\/wp-content\/uploads\/2025\/05\/moi-225x300.jpg 225w, https:\/\/psy-gestalt-franche-comte.com\/wp-content\/uploads\/2025\/05\/moi-768x1024.jpg 768w\" sizes=\"(max-width: 1920px) 100vw, 1920px\" \/><\/figure>\n\n\n\n<h2 class=\"wp-block-heading has-medium-font-size\" style=\"text-transform:uppercase\">MA QU\u00caTE PERSONNELLE<\/h2>\n\n\n\n<p>Depuis toujours, mes rencontres, mes diff\u00e9rentes exp\u00e9riences de vie (mes d\u00e9fis, mes r\u00e9ussites, mes \u00e9checs, mes pertes, mon rapport \u00e0 l\u2019argent, mes relations avec les autres et avec moi-m\u00eame, mon r\u00f4le de femme, de m\u00e8re, mon couple, la recherche de ma spiritualit\u00e9&#8230;) ont nourri un certain nombre de questionnements :<\/p>\n\n\n\n<ul class=\"wp-block-list\">\n<li>Pourquoi je vis ces exp\u00e9riences l\u00e0 ? Avec ces personnes l\u00e0 ?<\/li>\n\n\n\n<li>Qu&#8217;est-ce que \u00e7a me fait vivre, ressentir, penser ?<\/li>\n\n\n\n<li>Quelles sont mes qualit\u00e9s, mes valeurs ? Quels sont mes besoins ?<\/li>\n\n\n\n<li>Qu&#8217;est-ce que j&#8217;aime ? Qu&#8217;est ce que je ne veux plus ? Qu&#8217;est ce que je veux ?<\/li>\n\n\n\n<li>Comment je peux mettre de la coh\u00e9rence entre ce que je vis et ce que j&#8217;aimerais vivre ? C&#8217;est quoi se sentir align\u00e9e ?<\/li>\n\n\n\n<li>Quelles sont mes croyances ? Comment je vois le monde ? Quelles influences ont-elles sur ma vie ?<\/li>\n\n\n\n<li>Comment vivre de belles relations ?<\/li>\n\n\n\n<li>Pourquoi je suis sur Terre, quelle est ma place ?<\/li>\n<\/ul>\n\n\n\n<p>Tout un chemin de d\u00e9couvertes au fil des ans et un travail personnel sur moi-m\u00eame pour me d\u00e9couvrir, me conna\u00eetre. Parce que finalement, <strong>la personne qui me conna\u00eet le mieux c&#8217;est moi.<\/strong><\/p>\n\n\n\n<p>La <strong>Gestalt th\u00e9rapie<\/strong> m&#8217;accompagne depuis plus de cinq ans et m&#8217;apporte de nombreuses ressources qui me permettent de continuer d&#8217;y r\u00e9pondre jour apr\u00e8s jour, dans l<strong>&#8216;ici et maintenant<\/strong> en acceptant ce que je vis, pense et ressens. <\/p>\n\n\n\n<p>J&#8217;aime \u00e0 croire que <strong>si chaque personne se r\u00e9aligne \u00e0 qui elle est, agis selon qui elle est, alors elle obtient ce qu&#8217;il y a de meilleur pour elle<\/strong>. Elle contribue ainsi positivement autour d&#8217;elle et participe \u00e0 construire un monde meilleur.<\/p>\n\n\n\n<p>Je suis quelqu&#8217;un qui aime questionner la vie et remettre en question les principes \u00e9tablis. Je pense que notre monde \u00e9volue et qu&#8217;il nous pousse \u00e0 nous transformer. Serions nous la version &#8220;parfaite&#8221; pour bien vivre dans notre soci\u00e9t\u00e9, sur notre plan\u00e8te ? N&#8217;avons nous pas \u00e0 \u00e9voluer pour accompagner l&#8217;\u00e9volution de notre monde ?<\/p>\n\n\n\n<p>Nous sommes des \u00eatres humains, et je pense que <strong>notre partie &#8220;humaine&#8221; devrait \u00eatre au service de notre partie &#8220;\u00eatre&#8221;.<\/strong><\/p>\n\n\n\n<p>Je vous propose de <strong>faire une pause<\/strong> et de <strong>prendre un temps pour vous occuper de vous<\/strong>, pour enlever quelques &#8220;voiles&#8221; pour \u00eatre plus proche de qui vous \u00eates vraiment, d&#8217;<strong>aimer qui vous \u00eates pour mieux aimer les autres<\/strong>.<\/p>\n\n\n\n<p>En m&#8217;arr\u00eatant moi-m\u00eame de temps en temps, j&#8217;ai d\u00e9couvert de tr\u00e8s belles ressources, de tr\u00e8s belles valeurs \u00e0 l&#8217;int\u00e9rieur de moi et je ressens l&#8217;appel de transmettre ce que j&#8217;ai compris, appris, ce que je vis pour, tel le colibri, <strong>inspirer et contribuer \u00e0 un monde meilleur.<\/strong><\/p>\n\n\n\n<p>Vous aussi vous avez ces ressources en vous ! Mettons les en lumi\u00e8re ensemble !<\/p>\n\n\n\n<div class=\"wp-block-buttons is-horizontal is-content-justification-left is-layout-flex wp-container-core-buttons-is-layout-20be11b6 wp-block-buttons-is-layout-flex\"><\/div>\n\n\n\n<p class=\"has-text-align-center\"><\/p>\n\n\n\n<p><\/p>\n","protected":false},"excerpt":{"rendered":"<p>MA QU\u00caTE PERSONNELLE Depuis toujours, mes rencontres, mes diff\u00e9rentes exp\u00e9riences de vie (mes d\u00e9fis, mes r\u00e9ussites, mes \u00e9checs, mes pertes, mon rapport \u00e0 l\u2019argent, mes relations avec les autres et avec moi-m\u00eame, mon r\u00f4le de femme, de m\u00e8re, mon couple, la recherche de ma spiritualit\u00e9&#8230;) ont nourri un certain nombre de questionnements : Tout un &hellip; <\/p>\n<p class=\"link-more\"><a href=\"https:\/\/psy-gestalt-franche-comte.com\/index.php\/qui-suis-je\/\" class=\"more-link\">Read more<span class=\"screen-reader-text\"> &#8220;Qui suis-je ?&#8221;<\/span><\/a><\/p>\n","protected":false},"author":1,"featured_media":0,"parent":0,"menu_order":0,"comment_status":"closed","ping_status":"closed","template":"","meta":{"footnotes":""},"class_list":["post-143","page","type-page","status-publish","hentry"],"featured_media_urls":[],"_links":{"self":[{"href":"https:\/\/psy-gestalt-franche-comte.com\/index.php\/wp-json\/wp\/v2\/pages\/143","targetHints":{"allow":["GET"]}}],"collection":[{"href":"https:\/\/psy-gestalt-franche-comte.com\/index.php\/wp-json\/wp\/v2\/pages"}],"about":[{"href":"https:\/\/psy-gestalt-franche-comte.com\/index.php\/wp-json\/wp\/v2\/types\/page"}],"author":[{"embeddable":true,"href":"https:\/\/psy-gestalt-franche-comte.com\/index.php\/wp-json\/wp\/v2\/users\/1"}],"replies":[{"embeddable":true,"href":"https:\/\/psy-gestalt-franche-comte.com\/index.php\/wp-json\/wp\/v2\/comments?post=143"}],"version-history":[{"count":13,"href":"https:\/\/psy-gestalt-franche-comte.com\/index.php\/wp-json\/wp\/v2\/pages\/143\/revisions"}],"predecessor-version":[{"id":305,"href":"https:\/\/psy-gestalt-franche-comte.com\/index.php\/wp-json\/wp\/v2\/pages\/143\/revisions\/305"}],"wp:attachment":[{"href":"https:\/\/psy-gestalt-franche-comte.com\/index.php\/wp-json\/wp\/v2\/media?parent=143"}],"curies":[{"name":"wp","href":"https:\/\/api.w.org\/{rel}","templated":true}]}}

<figure class="wp-block-image aligncenter size-full is-resized"><img fetchpriority="high" decoding="async" width="1920" height="2560" src="https://psy-gestalt-franche-comte.com/wp-content/uploads/2025/05/moi-scaled.jpg" alt="" class="wp-image-304" style="width:292px;height:auto" srcset="https://psy-gestalt-franche-comte.com/wp-content/uploads/2025/05/moi-scaled.jpg 1920w, https://psy-gestalt-franche-comte.com/wp-content/uploads/2025/05/moi-225x300.jpg 225w, https://psy-gestalt-franche-comte.com/wp-content/uploads/2025/05/moi-768x1024.jpg 768w" sizes="(max-width: 1920px) 100vw, 1920px" /></figure>



<h2 class="wp-block-heading has-medium-font-size" style="text-transform:uppercase">MA QUÊTE PERSONNELLE</h2>



<p>Depuis toujours, mes rencontres, mes différentes expériences de vie (mes défis, mes réussites, mes échecs, mes pertes, mon rapport à l’argent, mes relations avec les autres et avec moi-même, mon rôle de femme, de mère, mon couple, la recherche de ma spiritualité&#8230;) ont nourri un certain nombre de questionnements :</p>



<ul class="wp-block-list">
<li>Pourquoi je vis ces expériences là ? Avec ces personnes là ?</li>



<li>Qu&#8217;est-ce que ça me fait vivre, ressentir, penser ?</li>



<li>Quelles sont mes qualités, mes valeurs ? Quels sont mes besoins ?</li>



<li>Qu&#8217;est-ce que j&#8217;aime ? Qu&#8217;est ce que je ne veux plus ? Qu&#8217;est ce que je veux ?</li>



<li>Comment je peux mettre de la cohérence entre ce que je vis et ce que j&#8217;aimerais vivre ? C&#8217;est quoi se sentir alignée ?</li>



<li>Quelles sont mes croyances ? Comment je vois le monde ? Quelles influences ont-elles sur ma vie ?</li>



<li>Comment vivre de belles relations ?</li>



<li>Pourquoi je suis sur Terre, quelle est ma place ?</li>
</ul>



<p>Tout un chemin de découvertes au fil des ans et un travail personnel sur moi-même pour me découvrir, me connaître. Parce que finalement, <strong>la personne qui me connaît le mieux c&#8217;est moi.</strong></p>



<p>La <strong>Gestalt thérapie</strong> m&#8217;accompagne depuis plus de cinq ans et m&#8217;apporte de nombreuses ressources qui me permettent de continuer d&#8217;y répondre jour après jour, dans l<strong>&#8216;ici et maintenant</strong> en acceptant ce que je vis, pense et ressens. </p>



<p>J&#8217;aime à croire que <strong>si chaque personne se réaligne à qui elle est, agis selon qui elle est, alors elle obtient ce qu&#8217;il y a de meilleur pour elle</strong>. Elle contribue ainsi positivement autour d&#8217;elle et participe à construire un monde meilleur.</p>



<p>Je suis quelqu&#8217;un qui aime questionner la vie et remettre en question les principes établis. Je pense que notre monde évolue et qu&#8217;il nous pousse à nous transformer. Serions nous la version &#8220;parfaite&#8221; pour bien vivre dans notre société, sur notre planète ? N&#8217;avons nous pas à évoluer pour accompagner l&#8217;évolution de notre monde ?</p>



<p>Nous sommes des êtres humains, et je pense que <strong>notre partie &#8220;humaine&#8221; devrait être au service de notre partie &#8220;être&#8221;.</strong></p>



<p>Je vous propose de <strong>faire une pause</strong> et de <strong>prendre un temps pour vous occuper de vous</strong>, pour enlever quelques &#8220;voiles&#8221; pour être plus proche de qui vous êtes vraiment, d&#8217;<strong>aimer qui vous êtes pour mieux aimer les autres</strong>.</p>



<p>En m&#8217;arrêtant moi-même de temps en temps, j&#8217;ai découvert de très belles ressources, de très belles valeurs à l&#8217;intérieur de moi et je ressens l&#8217;appel de transmettre ce que j&#8217;ai compris, appris, ce que je vis pour, tel le colibri, <strong>inspirer et contribuer à un monde meilleur.</strong></p>



<p>Vous aussi vous avez ces ressources en vous ! Mettons les en lumière ensemble !</p>



<div class="wp-block-buttons is-horizontal is-content-justification-left is-layout-flex wp-container-core-buttons-is-layout-20be11b6 wp-block-buttons-is-layout-flex"></div>



<p class="has-text-align-center"></p>



<p></p>

<p>MA QUÊTE PERSONNELLE Depuis toujours, mes rencontres, mes différentes expériences de vie (mes défis, mes réussites, mes échecs, mes pertes, mon rapport à l’argent, mes relations avec les autres et avec moi-même, mon rôle de femme, de mère, mon couple, la recherche de ma spiritualité&#8230;) ont nourri un certain nombre de questionnements : Tout un &hellip; </p>
<p class="link-more"><a href="https://psy-gestalt-franche-comte.com/index.php/qui-suis-je/" class="more-link">Read more<span class="screen-reader-text"> &#8220;Qui suis-je ?&#8221;</span></a></p>
