{"id":2,"date":"2024-08-26T18:56:55","date_gmt":"2024-08-26T16:56:55","guid":{"rendered":"http:\/\/psy-gestalt-franche-comte.com\/?page_id=2"},"modified":"2026-02-25T08:32:05","modified_gmt":"2026-02-25T07:32:05","slug":"page-d-exemple","status":"publish","type":"page","link":"https:\/\/psy-gestalt-franche-comte.com\/index.php\/page-d-exemple\/","title":{"rendered":"Mon approche"},"content":{"rendered":"\n<figure class=\"wp-block-gallery has-nested-images columns-default is-cropped wp-block-gallery-1 is-layout-flex wp-block-gallery-is-layout-flex\">\n<figure class=\"wp-block-image size-full\"><img fetchpriority=\"high\" decoding=\"async\" width=\"1920\" height=\"2560\" data-id=\"319\" src=\"https:\/\/psy-gestalt-franche-comte.com\/wp-content\/uploads\/2025\/06\/20250509_190758-scaled.jpg\" alt=\"\" class=\"wp-image-319\" srcset=\"https:\/\/psy-gestalt-franche-comte.com\/wp-content\/uploads\/2025\/06\/20250509_190758-scaled.jpg 1920w, https:\/\/psy-gestalt-franche-comte.com\/wp-content\/uploads\/2025\/06\/20250509_190758-225x300.jpg 225w, https:\/\/psy-gestalt-franche-comte.com\/wp-content\/uploads\/2025\/06\/20250509_190758-768x1024.jpg 768w, https:\/\/psy-gestalt-franche-comte.com\/wp-content\/uploads\/2025\/06\/20250509_190758-2000x2667.jpg 2000w\" sizes=\"(max-width: 1920px) 100vw, 1920px\" \/><\/figure>\n\n\n\n<figure class=\"wp-block-image size-full\"><img decoding=\"async\" width=\"460\" height=\"453\" data-id=\"323\" src=\"https:\/\/psy-gestalt-franche-comte.com\/wp-content\/uploads\/2025\/06\/WhatsApp-Image-2025-04-22-a-09.53.21_378cc1ec.jpg\" alt=\"\" class=\"wp-image-323\" srcset=\"https:\/\/psy-gestalt-franche-comte.com\/wp-content\/uploads\/2025\/06\/WhatsApp-Image-2025-04-22-a-09.53.21_378cc1ec.jpg 460w, https:\/\/psy-gestalt-franche-comte.com\/wp-content\/uploads\/2025\/06\/WhatsApp-Image-2025-04-22-a-09.53.21_378cc1ec-300x295.jpg 300w\" sizes=\"(max-width: 460px) 100vw, 460px\" \/><\/figure>\n\n\n\n<figure class=\"wp-block-image size-large\"><img decoding=\"async\" width=\"1024\" height=\"768\" data-id=\"252\" src=\"https:\/\/psy-gestalt-franche-comte.com\/wp-content\/uploads\/2024\/10\/cabinet-4-1024x768.jpg\" alt=\"\" class=\"wp-image-252\" srcset=\"https:\/\/psy-gestalt-franche-comte.com\/wp-content\/uploads\/2024\/10\/cabinet-4-1024x768.jpg 1024w, https:\/\/psy-gestalt-franche-comte.com\/wp-content\/uploads\/2024\/10\/cabinet-4-300x225.jpg 300w, https:\/\/psy-gestalt-franche-comte.com\/wp-content\/uploads\/2024\/10\/cabinet-4-2000x1500.jpg 2000w\" sizes=\"(max-width: 1024px) 100vw, 1024px\" \/><\/figure>\n<\/figure>\n\n\n\n<p><\/p>\n\n\n\n<p>La <strong _istranslated=\"1\">Gestalt<\/strong> est une psychoth\u00e9rapie focalis\u00e9e sur le <strong _istranslated=\"1\">pr\u00e9sent<\/strong> et la <strong _istranslated=\"1\">responsabilit\u00e9 du patient<\/strong>. Ses grands objectifs sont de d\u00e9velopper <strong _istranslated=\"1\">l\u2019autonomie<\/strong> de <strong _istranslated=\"1\">l\u2019\u00eatre humain<\/strong>, lui faire prendre conscience de sa <strong _istranslated=\"1\">responsabilit\u00e9<\/strong> et reconnecter avec sa <strong _istranslated=\"1\">cr\u00e9ativit\u00e9<\/strong>.<\/p>\n\n\n\n<p>Le <strong>Gestalt Praticien<\/strong> est form\u00e9 vers 3 apprentissages cl\u00e9s : <strong>savoir-\u00eatre<\/strong>, <strong>savoir-faire<\/strong>, <strong>savoir-penser<\/strong><\/p>\n\n\n\n<p>De nature tr\u00e8s <strong>empathique<\/strong>, j&#8217;ai appris \u00e0 canaliser cette extraordinaire sensibilit\u00e9 pour la mettre au service de la relation. J&#8217;ai d\u00e9velopp\u00e9 une grande \u00e9coute active et <strong>bienveillante<\/strong>, dans le <strong>non-jugement<\/strong> : cela vous permet de me partager en toute <strong>s\u00e9curit\u00e9 <\/strong>vos exp\u00e9riences de vie. Dans un cadre clair, je vous accompagne dans le respect du <strong>code d\u00e9ontologique<\/strong> de l&#8217;Ecole Humaniste de Gestalt, pour permettre d&#8217;aller explorer en profondeur vos <strong>enjeux de vie<\/strong>.<\/p>\n\n\n\n<p>Connect\u00e9e \u00e0 mon corps dans le <strong>pr\u00e9sent<\/strong>, en lien avec vous dans l&#8217;<strong>ici et maintenant<\/strong>, je per\u00e7ois des informations au fil de nos \u00e9changes qui me permettent de voir ce qui se joue dans vos propres exp\u00e9riences, vos propres relations. Ensemble nous d\u00e9roulons le fil de votre vie pour aller \u00e0 la rencontre de ce qui est (parfois) cach\u00e9 dans les profondeurs de votre <strong>Etre : votre vrai vous, cette part de vous qui vit dans le bien-\u00eatre, la Joie, la S\u00e9r\u00e9nit\u00e9, l&#8217;Amour !<\/strong> Alors le travail int\u00e9rieur permet \u00e0 cet Etre de prendre davantage de place dans votre vie.<\/p>\n\n\n\n<p>L&#8217;accompagnement en s\u00e9ance se d\u00e9roule ainsi :<\/p>\n\n\n\n<ul class=\"wp-block-list\">\n<li>nous sommes assis l&#8217;un en face de l&#8217;autre (pas de divan, vous n&#8217;\u00eates pas seul face \u00e0 un mur ou le plafond)<\/li>\n\n\n\n<li>vous pouvez aborder tous les sujets que vous souhaitez dans le respect du cadre de d\u00e9ontologie : ici on peut parler de ce qu&#8217;on vit \u00e0 l&#8217;int\u00e9rieur, \u00e0 l&#8217;ext\u00e9rieur. Mes clients se sentent rapidement en confiance.<\/li>\n\n\n\n<li>Le cadre de mon travail est une \u00e9coute active, sans jugement, bienveillante et en toute confidentialit\u00e9 : je suis sensible \u00e0 ce qui se dit, ce qui n&#8217;est pas exprim\u00e9 mais que le corps traduit (tension, crispation, blocage, d\u00e9tente, visage qui se ferme, yeux qui brillent&#8230;)<\/li>\n\n\n\n<li>Je suis respectueuse de votre rythme, de la mani\u00e8re dont vous avancez dans la th\u00e9rapie : nous n&#8217;explorons ensemble que ce que vous \u00eates pr\u00eat \u00e0 explorer (consciemment ou inconsciemment)<\/li>\n\n\n\n<li>Je suis impliqu\u00e9e dans notre RDV : nous avons une v\u00e9ritable conversation, nous co-construisons une solution ensemble. Cette approche vous permet d&#8217;aller plus en contact avec vos pens\u00e9es, vos \u00e9motions, vos sensations dans le corps, en toute s\u00e9curit\u00e9 car accompagn\u00e9(e). Alors nous pouvons explorer ensemble votre ici et maintenant, votre pr\u00e9sent, tout en allant visiter quand cela est n\u00e9cessaire votre pass\u00e9 d\u00e9veloppemental. <\/li>\n\n\n\n<li>Au fil des s\u00e9ances, nous tissons un lien particulier de confiance et mettons de la conscience sur les sch\u00e9mas qui se reproduisent dans votre vie et qui ne vous conviennent plus.<\/li>\n\n\n\n<li>Je vous accompagne pour activer vos ressources pour faire de nouveaux choix pour que vous vous sentiez mieux dans votre environnement.<\/li>\n<\/ul>\n\n\n\n<p>Au c\u0153ur de cette <strong _istranslated=\"1\">relation th\u00e9rapeutique<\/strong> que nous co-construisons, l\u2019authenticit\u00e9<strong _istranslated=\"1\"><\/strong>, la <strong _istranslated=\"1\">confiance<\/strong>, <strong _istranslated=\"1\">l\u2019engagement<\/strong>, la <strong _istranslated=\"1\">prise de recul<\/strong><font _mstmutation=\"1\" _msttexthash=\"76635\" _msthash=\"236\">, ouvre<\/font><font _mstmutation=\"1\" _msttexthash=\"101751\" _msthash=\"237\">nt votre <\/font><strong _istranslated=\"1\">conscience<\/strong><font _mstmutation=\"1\" _msttexthash=\"17107207\" _msthash=\"238\"> sur vos fonctionnements, vos zones aveugles, les m\u00e9canismes en action qui se jouent \u00e0 chaque instant dans votre vie \u00e0 votre insu pour justement vous permettre de les d\u00e9passer.<\/font><\/p>\n\n\n\n<p><\/p>\n\n\n\n<p class=\"has-text-align-center\"><strong>Le bonheur n&#8217;est pas un but \u00e0 atteindre, c&#8217;est en chemin tout au long de notre vie que nous pouvons le ressentir !<\/strong><\/p>\n\n\n\n<p class=\"has-text-align-center\"><\/p>\n\n\n\n<p>En vous recentrant sur l&#8217;<strong>instant pr\u00e9sent<\/strong>, vous pouvez d\u00e9velopper une nouvelle <strong>confiance en vous<\/strong>, choisir vos \u00e9motions, vos pens\u00e9es, vos actions et ainsi <strong>cr\u00e9er votre chemin<\/strong>, votre avenir. Vous remettez du <strong>sens<\/strong> dans votre vie.<\/p>\n\n\n\n<p><\/p>\n\n\n\n<p><\/p>\n\n\n\n<figure class=\"wp-block-image aligncenter size-full is-resized\"><img loading=\"lazy\" decoding=\"async\" width=\"601\" height=\"563\" src=\"https:\/\/psy-gestalt-franche-comte.com\/wp-content\/uploads\/2024\/11\/terre.jpg\" alt=\"\" class=\"wp-image-266\" style=\"width:387px;height:auto\" srcset=\"https:\/\/psy-gestalt-franche-comte.com\/wp-content\/uploads\/2024\/11\/terre.jpg 601w, https:\/\/psy-gestalt-franche-comte.com\/wp-content\/uploads\/2024\/11\/terre-300x281.jpg 300w\" sizes=\"(max-width: 601px) 100vw, 601px\" \/><figcaption class=\"wp-element-caption\">Screenshot<\/figcaption><\/figure>\n\n\n\n<p class=\"has-text-align-center\">&#8220;<em>Contribuer \u00e0 un monde meilleur, une personne \u00e0 la fois<\/em>&#8220;<\/p>\n\n\n\n<p><\/p>\n","protected":false},"excerpt":{"rendered":"<p>La Gestalt est une psychoth\u00e9rapie focalis\u00e9e sur le pr\u00e9sent et la responsabilit\u00e9 du patient. Ses grands objectifs sont de d\u00e9velopper l\u2019autonomie de l\u2019\u00eatre humain, lui faire prendre conscience de sa responsabilit\u00e9 et reconnecter avec sa cr\u00e9ativit\u00e9. Le Gestalt Praticien est form\u00e9 vers 3 apprentissages cl\u00e9s : savoir-\u00eatre, savoir-faire, savoir-penser De nature tr\u00e8s empathique, j&#8217;ai appris &hellip; <\/p>\n<p class=\"link-more\"><a href=\"https:\/\/psy-gestalt-franche-comte.com\/index.php\/page-d-exemple\/\" class=\"more-link\">Read more<span class=\"screen-reader-text\"> &#8220;Mon approche&#8221;<\/span><\/a><\/p>\n","protected":false},"author":1,"featured_media":0,"parent":0,"menu_order":0,"comment_status":"closed","ping_status":"open","template":"","meta":{"footnotes":""},"class_list":["post-2","page","type-page","status-publish","hentry"],"featured_media_urls":[],"_links":{"self":[{"href":"https:\/\/psy-gestalt-franche-comte.com\/index.php\/wp-json\/wp\/v2\/pages\/2","targetHints":{"allow":["GET"]}}],"collection":[{"href":"https:\/\/psy-gestalt-franche-comte.com\/index.php\/wp-json\/wp\/v2\/pages"}],"about":[{"href":"https:\/\/psy-gestalt-franche-comte.com\/index.php\/wp-json\/wp\/v2\/types\/page"}],"author":[{"embeddable":true,"href":"https:\/\/psy-gestalt-franche-comte.com\/index.php\/wp-json\/wp\/v2\/users\/1"}],"replies":[{"embeddable":true,"href":"https:\/\/psy-gestalt-franche-comte.com\/index.php\/wp-json\/wp\/v2\/comments?post=2"}],"version-history":[{"count":21,"href":"https:\/\/psy-gestalt-franche-comte.com\/index.php\/wp-json\/wp\/v2\/pages\/2\/revisions"}],"predecessor-version":[{"id":349,"href":"https:\/\/psy-gestalt-franche-comte.com\/index.php\/wp-json\/wp\/v2\/pages\/2\/revisions\/349"}],"wp:attachment":[{"href":"https:\/\/psy-gestalt-franche-comte.com\/index.php\/wp-json\/wp\/v2\/media?parent=2"}],"curies":[{"name":"wp","href":"https:\/\/api.w.org\/{rel}","templated":true}]}}

<figure class="wp-block-gallery has-nested-images columns-default is-cropped wp-block-gallery-1 is-layout-flex wp-block-gallery-is-layout-flex">
<figure class="wp-block-image size-full"><img fetchpriority="high" decoding="async" width="1920" height="2560" data-id="319" src="https://psy-gestalt-franche-comte.com/wp-content/uploads/2025/06/20250509_190758-scaled.jpg" alt="" class="wp-image-319" srcset="https://psy-gestalt-franche-comte.com/wp-content/uploads/2025/06/20250509_190758-scaled.jpg 1920w, https://psy-gestalt-franche-comte.com/wp-content/uploads/2025/06/20250509_190758-225x300.jpg 225w, https://psy-gestalt-franche-comte.com/wp-content/uploads/2025/06/20250509_190758-768x1024.jpg 768w, https://psy-gestalt-franche-comte.com/wp-content/uploads/2025/06/20250509_190758-2000x2667.jpg 2000w" sizes="(max-width: 1920px) 100vw, 1920px" /></figure>



<figure class="wp-block-image size-full"><img decoding="async" width="460" height="453" data-id="323" src="https://psy-gestalt-franche-comte.com/wp-content/uploads/2025/06/WhatsApp-Image-2025-04-22-a-09.53.21_378cc1ec.jpg" alt="" class="wp-image-323" srcset="https://psy-gestalt-franche-comte.com/wp-content/uploads/2025/06/WhatsApp-Image-2025-04-22-a-09.53.21_378cc1ec.jpg 460w, https://psy-gestalt-franche-comte.com/wp-content/uploads/2025/06/WhatsApp-Image-2025-04-22-a-09.53.21_378cc1ec-300x295.jpg 300w" sizes="(max-width: 460px) 100vw, 460px" /></figure>



<figure class="wp-block-image size-large"><img decoding="async" width="1024" height="768" data-id="252" src="https://psy-gestalt-franche-comte.com/wp-content/uploads/2024/10/cabinet-4-1024x768.jpg" alt="" class="wp-image-252" srcset="https://psy-gestalt-franche-comte.com/wp-content/uploads/2024/10/cabinet-4-1024x768.jpg 1024w, https://psy-gestalt-franche-comte.com/wp-content/uploads/2024/10/cabinet-4-300x225.jpg 300w, https://psy-gestalt-franche-comte.com/wp-content/uploads/2024/10/cabinet-4-2000x1500.jpg 2000w" sizes="(max-width: 1024px) 100vw, 1024px" /></figure>
</figure>



<p></p>



<p>La <strong _istranslated="1">Gestalt</strong> est une psychothérapie focalisée sur le <strong _istranslated="1">présent</strong> et la <strong _istranslated="1">responsabilité du patient</strong>. Ses grands objectifs sont de développer <strong _istranslated="1">l’autonomie</strong> de <strong _istranslated="1">l’être humain</strong>, lui faire prendre conscience de sa <strong _istranslated="1">responsabilité</strong> et reconnecter avec sa <strong _istranslated="1">créativité</strong>.</p>



<p>Le <strong>Gestalt Praticien</strong> est formé vers 3 apprentissages clés : <strong>savoir-être</strong>, <strong>savoir-faire</strong>, <strong>savoir-penser</strong></p>



<p>De nature très <strong>empathique</strong>, j&#8217;ai appris à canaliser cette extraordinaire sensibilité pour la mettre au service de la relation. J&#8217;ai développé une grande écoute active et <strong>bienveillante</strong>, dans le <strong>non-jugement</strong> : cela vous permet de me partager en toute <strong>sécurité </strong>vos expériences de vie. Dans un cadre clair, je vous accompagne dans le respect du <strong>code déontologique</strong> de l&#8217;Ecole Humaniste de Gestalt, pour permettre d&#8217;aller explorer en profondeur vos <strong>enjeux de vie</strong>.</p>



<p>Connectée à mon corps dans le <strong>présent</strong>, en lien avec vous dans l&#8217;<strong>ici et maintenant</strong>, je perçois des informations au fil de nos échanges qui me permettent de voir ce qui se joue dans vos propres expériences, vos propres relations. Ensemble nous déroulons le fil de votre vie pour aller à la rencontre de ce qui est (parfois) caché dans les profondeurs de votre <strong>Etre : votre vrai vous, cette part de vous qui vit dans le bien-être, la Joie, la Sérénité, l&#8217;Amour !</strong> Alors le travail intérieur permet à cet Etre de prendre davantage de place dans votre vie.</p>



<p>L&#8217;accompagnement en séance se déroule ainsi :</p>



<ul class="wp-block-list">
<li>nous sommes assis l&#8217;un en face de l&#8217;autre (pas de divan, vous n&#8217;êtes pas seul face à un mur ou le plafond)</li>



<li>vous pouvez aborder tous les sujets que vous souhaitez dans le respect du cadre de déontologie : ici on peut parler de ce qu&#8217;on vit à l&#8217;intérieur, à l&#8217;extérieur. Mes clients se sentent rapidement en confiance.</li>



<li>Le cadre de mon travail est une écoute active, sans jugement, bienveillante et en toute confidentialité : je suis sensible à ce qui se dit, ce qui n&#8217;est pas exprimé mais que le corps traduit (tension, crispation, blocage, détente, visage qui se ferme, yeux qui brillent&#8230;)</li>



<li>Je suis respectueuse de votre rythme, de la manière dont vous avancez dans la thérapie : nous n&#8217;explorons ensemble que ce que vous êtes prêt à explorer (consciemment ou inconsciemment)</li>



<li>Je suis impliquée dans notre RDV : nous avons une véritable conversation, nous co-construisons une solution ensemble. Cette approche vous permet d&#8217;aller plus en contact avec vos pensées, vos émotions, vos sensations dans le corps, en toute sécurité car accompagné(e). Alors nous pouvons explorer ensemble votre ici et maintenant, votre présent, tout en allant visiter quand cela est nécessaire votre passé développemental. </li>



<li>Au fil des séances, nous tissons un lien particulier de confiance et mettons de la conscience sur les schémas qui se reproduisent dans votre vie et qui ne vous conviennent plus.</li>



<li>Je vous accompagne pour activer vos ressources pour faire de nouveaux choix pour que vous vous sentiez mieux dans votre environnement.</li>
</ul>



<p>Au cœur de cette <strong _istranslated="1">relation thérapeutique</strong> que nous co-construisons, l’authenticité<strong _istranslated="1"></strong>, la <strong _istranslated="1">confiance</strong>, <strong _istranslated="1">l’engagement</strong>, la <strong _istranslated="1">prise de recul</strong><font _mstmutation="1" _msttexthash="76635" _msthash="236">, ouvre</font><font _mstmutation="1" _msttexthash="101751" _msthash="237">nt votre </font><strong _istranslated="1">conscience</strong><font _mstmutation="1" _msttexthash="17107207" _msthash="238"> sur vos fonctionnements, vos zones aveugles, les mécanismes en action qui se jouent à chaque instant dans votre vie à votre insu pour justement vous permettre de les dépasser.</font></p>



<p></p>



<p class="has-text-align-center"><strong>Le bonheur n&#8217;est pas un but à atteindre, c&#8217;est en chemin tout au long de notre vie que nous pouvons le ressentir !</strong></p>



<p class="has-text-align-center"></p>



<p>En vous recentrant sur l&#8217;<strong>instant présent</strong>, vous pouvez développer une nouvelle <strong>confiance en vous</strong>, choisir vos émotions, vos pensées, vos actions et ainsi <strong>créer votre chemin</strong>, votre avenir. Vous remettez du <strong>sens</strong> dans votre vie.</p>



<p></p>



<p></p>



<figure class="wp-block-image aligncenter size-full is-resized"><img loading="lazy" decoding="async" width="601" height="563" src="https://psy-gestalt-franche-comte.com/wp-content/uploads/2024/11/terre.jpg" alt="" class="wp-image-266" style="width:387px;height:auto" srcset="https://psy-gestalt-franche-comte.com/wp-content/uploads/2024/11/terre.jpg 601w, https://psy-gestalt-franche-comte.com/wp-content/uploads/2024/11/terre-300x281.jpg 300w" sizes="(max-width: 601px) 100vw, 601px" /><figcaption class="wp-element-caption">Screenshot</figcaption></figure>



<p class="has-text-align-center">&#8220;<em>Contribuer à un monde meilleur, une personne à la fois</em>&#8220;</p>



<p></p>

<p>La Gestalt est une psychothérapie focalisée sur le présent et la responsabilité du patient. Ses grands objectifs sont de développer l’autonomie de l’être humain, lui faire prendre conscience de sa responsabilité et reconnecter avec sa créativité. Le Gestalt Praticien est formé vers 3 apprentissages clés : savoir-être, savoir-faire, savoir-penser De nature très empathique, j&#8217;ai appris &hellip; </p>
<p class="link-more"><a href="https://psy-gestalt-franche-comte.com/index.php/page-d-exemple/" class="more-link">Read more<span class="screen-reader-text"> &#8220;Mon approche&#8221;</span></a></p>
