{"id":37,"date":"2024-08-26T19:42:50","date_gmt":"2024-08-26T17:42:50","guid":{"rendered":"http:\/\/psy-gestalt-franche-comte.com\/?page_id=37"},"modified":"2025-05-06T11:54:17","modified_gmt":"2025-05-06T09:54:17","slug":"about","status":"publish","type":"page","link":"https:\/\/psy-gestalt-franche-comte.com\/index.php\/about\/","title":{"rendered":"La Gestalt"},"content":{"rendered":"\n<h2 class=\"wp-block-heading has-large-font-size\" id=\"inspiro-is-a-digital-product-agency-that-focuses-on-strategy-and-design\" style=\"font-style:normal;font-weight:100\"><strong>Qu&#8217;est ce que la &#8220;Gestalt&#8221; ?<\/strong><\/h2>\n\n\n\n<p>Cr\u00e9\u00e9e par <strong>Fritz Perls<\/strong> dans les ann\u00e9es 1950, la Gestalt-th\u00e9rapie, plus commun\u00e9ment appel\u00e9e <strong>&#8220;Gestalt&#8221;<\/strong> (prononcez ainsi &#8220;gu\u00e9-ch-talt&#8221;), est une m\u00e9thode th\u00e9rapeutique compl\u00e8te. C&#8217;est une approche psychoth\u00e9rapeutique<strong> humaniste, existentielle, relationnelle et holistique <\/strong>de plus en plus r\u00e9pandue. En se concentrant sur l&#8217;interaction entre la personne et son environnement, la &#8220;Gestalt&#8221; permet d\u2019approfondir la <strong>connaissance de soi<\/strong>. Elle donne des outils pour <strong>mieux vivre au quotidien<\/strong>. Elle aide \u00e0 <strong>mettre de la conscience<\/strong> sur ce qui est v\u00e9cu et ressenti dans l&#8217;<strong>instant pr\u00e9sent<\/strong> pour se lib\u00e9rer de son pass\u00e9 non dig\u00e9r\u00e9 et <strong>\u00e9crire son futur.<\/strong><\/p>\n\n\n\n<p>La &#8220;<strong>Gestalt<\/strong>&#8221; est une forme de psychoth\u00e9rapie qui met l&#8217;accent sur l&#8217;exp\u00e9rience dans &#8220;l&#8217;<strong>ici et maintenant<\/strong>&#8221; dans le but d&#8217;apporter une plus grande <strong>conscience<\/strong> de ce qui se vit et donc une meilleure compr\u00e9hension de <strong>soi<\/strong> et des <strong>autres<\/strong>. Elle ouvre un espace pour \u00e9largir sa compr\u00e9hension sur le <strong>sens de la Vie<\/strong>. <\/p>\n\n\n\n<p>Elle soutient tout particuli\u00e8rement l&#8217;<strong>autonomie<\/strong>, la <strong>responsabilit\u00e9<\/strong>, la <strong>cr\u00e9ativit\u00e9<\/strong> en mettant l&#8217;accent sur la conscience du processus en cours, dans l&#8217;instant pr\u00e9sent de chaque situation. Elle r\u00e9habilite le corporel, le sensoriel, l&#8217;\u00e9motionnel. Il est de la responsabilit\u00e9 de chacun de prendre soin de ses corps (physique, mental, \u00e9motionnel, \u00e9nerg\u00e9tique, spirituel) qui devraient \u00eatre en harmonie.<\/p>\n\n\n\n<p>Elle favorise l&#8217;<strong>authenticit\u00e9 relationnelle<\/strong> et d\u00e9veloppe une<strong> perspective unifi\u00e9e et coh\u00e9rente de l&#8217;Etre.<\/strong> <\/p>\n\n\n\n<p>Parce que dans les diff\u00e9rentes parties de l'&#8221;\u00eatre humain&#8221; que nous sommes, il y a une partie <strong>&#8220;Etre&#8221;<\/strong>. C&#8217;est le centre de qui nous sommes. C&#8217;est notre partie cr\u00e9atrice, capable de voir le bon, le beau, l&#8217;illimit\u00e9. Nous pouvons nous y connecter et l&#8217;explorer en Gestalt Th\u00e9rapie. Le c\u00f4t\u00e9 &#8220;<strong>humain<\/strong>&#8221; est celui qui nous permet d&#8217;exp\u00e9rimenter &#8220;dans la mati\u00e8re&#8221;, le monde physique \u00e0 travers nos \u00e9motions et nos exp\u00e9riences.<\/p>\n\n\n\n<p>Form\u00e9e et certifi\u00e9e par l&#8217;<strong>EHG \u00e0 Paris<\/strong>, je vous accompagne \u00e0 travers une <strong>psychoth\u00e9rapie humaniste<\/strong> bas\u00e9e sur une relation soutenante dans votre processus de transformation, en prenant en compte qui vous \u00eates dans votre globalit\u00e9 : votre <strong>corps,<\/strong> vos <strong>\u00e9motions<\/strong>, vos <strong>pens\u00e9es<\/strong>, votre <strong>Etre<\/strong> et votre <strong>environnement<\/strong> (vos relations sociales, le monde qui vous entoure).<\/p>\n\n\n\n<div style=\"height:100px\" aria-hidden=\"true\" class=\"wp-block-spacer\"><\/div>\n\n\n\n<div class=\"wp-block-columns alignwide is-layout-flex wp-container-core-columns-is-layout-28f84493 wp-block-columns-is-layout-flex\">\n<div class=\"wp-block-column is-layout-flow wp-block-column-is-layout-flow\">\n<figure class=\"wp-block-image size-full is-resized\"><img fetchpriority=\"high\" decoding=\"async\" width=\"862\" height=\"457\" src=\"https:\/\/psy-gestalt-franche-comte.com\/wp-content\/uploads\/2024\/08\/harmonie-2.png\" alt=\"\" class=\"wp-image-88\" style=\"width:412px;height:auto\" srcset=\"https:\/\/psy-gestalt-franche-comte.com\/wp-content\/uploads\/2024\/08\/harmonie-2.png 862w, https:\/\/psy-gestalt-franche-comte.com\/wp-content\/uploads\/2024\/08\/harmonie-2-300x159.png 300w\" sizes=\"(max-width: 862px) 100vw, 862px\" \/><\/figure>\n\n\n\n<p class=\"has-text-align-center has-black-color has-text-color has-medium-font-size\">TROUVER <strong>L&#8217;HARMONIE<\/strong><\/p>\n\n\n\n<blockquote class=\"wp-block-quote is-layout-flow wp-block-quote-is-layout-flow\">\n<figure class=\"wp-block-pullquote has-text-color\" style=\"color:#7a7a7a\"><blockquote><p>&#8220;Mettre tout en \u00e9quilibre c&#8217;est bien. Mettre tout en harmonie c&#8217;est mieux&#8221;<\/p><cite><em>Victor Hugo<\/em><\/cite><\/blockquote><\/figure>\n<\/blockquote>\n<\/div>\n\n\n\n<div class=\"wp-block-column is-layout-flow wp-block-column-is-layout-flow\">\n<figure class=\"wp-block-image size-full is-resized\"><img decoding=\"async\" width=\"874\" height=\"468\" src=\"https:\/\/psy-gestalt-franche-comte.com\/wp-content\/uploads\/2024\/08\/defis-2.png\" alt=\"\" class=\"wp-image-91\" style=\"width:405px;height:auto\" srcset=\"https:\/\/psy-gestalt-franche-comte.com\/wp-content\/uploads\/2024\/08\/defis-2.png 874w, https:\/\/psy-gestalt-franche-comte.com\/wp-content\/uploads\/2024\/08\/defis-2-300x161.png 300w\" sizes=\"(max-width: 874px) 100vw, 874px\" \/><\/figure>\n\n\n\n<p class=\"has-text-align-center has-black-color has-text-color has-medium-font-size\">METTRE DU <strong>SENS<\/strong><\/p>\n\n\n\n<figure class=\"wp-block-pullquote has-text-color\" style=\"color:#7a7a7a\"><blockquote><p>&#8220;Les d\u00e9fis sont ce qui rend la vie int\u00e9ressante et les surmonter est ce qui lui donne du sens&#8221; <\/p><cite><em>Joshua MArine<\/em><\/cite><\/blockquote><\/figure>\n<\/div>\n\n\n\n<div class=\"wp-block-column is-layout-flow wp-block-column-is-layout-flow\">\n<figure class=\"wp-block-image aligncenter size-full is-resized\"><img decoding=\"async\" width=\"327\" height=\"291\" src=\"https:\/\/psy-gestalt-franche-comte.com\/wp-content\/uploads\/2024\/08\/paix-2.png\" alt=\"\" class=\"wp-image-94\" style=\"width:247px;height:auto\" srcset=\"https:\/\/psy-gestalt-franche-comte.com\/wp-content\/uploads\/2024\/08\/paix-2.png 327w, https:\/\/psy-gestalt-franche-comte.com\/wp-content\/uploads\/2024\/08\/paix-2-300x267.png 300w\" sizes=\"(max-width: 327px) 100vw, 327px\" \/><\/figure>\n\n\n\n<p class=\"has-text-align-center has-black-color has-text-color has-medium-font-size\">VIVRE EN <strong>PAIX<\/strong><\/p>\n\n\n\n<figure class=\"wp-block-pullquote has-text-color\" style=\"color:#7a7a7a\"><blockquote><p>&#8220;Si votre coeur est en paix, rien ne peut vous d\u00e9ranger&#8221;<br><\/p><cite><em>Dala\u00ef Lama<\/em><\/cite><\/blockquote><\/figure>\n<\/div>\n<\/div>\n","protected":false},"excerpt":{"rendered":"<p>Qu&#8217;est ce que la &#8220;Gestalt&#8221; ? Cr\u00e9\u00e9e par Fritz Perls dans les ann\u00e9es 1950, la Gestalt-th\u00e9rapie, plus commun\u00e9ment appel\u00e9e &#8220;Gestalt&#8221; (prononcez ainsi &#8220;gu\u00e9-ch-talt&#8221;), est une m\u00e9thode th\u00e9rapeutique compl\u00e8te. C&#8217;est une approche psychoth\u00e9rapeutique humaniste, existentielle, relationnelle et holistique de plus en plus r\u00e9pandue. En se concentrant sur l&#8217;interaction entre la personne et son environnement, la &#8220;Gestalt&#8221; &hellip; <\/p>\n<p class=\"link-more\"><a href=\"https:\/\/psy-gestalt-franche-comte.com\/index.php\/about\/\" class=\"more-link\">Read more<span class=\"screen-reader-text\"> &#8220;La Gestalt&#8221;<\/span><\/a><\/p>\n","protected":false},"author":1,"featured_media":30,"parent":0,"menu_order":0,"comment_status":"closed","ping_status":"closed","template":"","meta":{"footnotes":""},"class_list":["post-37","page","type-page","status-publish","has-post-thumbnail","hentry"],"featured_media_urls":{"thumbnail":["https:\/\/psy-gestalt-franche-comte.com\/wp-content\/uploads\/2024\/08\/StockSnap_M6D1GS9PSL-4-150x150.jpg",150,150,true],"medium":["https:\/\/psy-gestalt-franche-comte.com\/wp-content\/uploads\/2024\/08\/StockSnap_M6D1GS9PSL-4-300x198.jpg",300,198,true],"medium_large":["https:\/\/psy-gestalt-franche-comte.com\/wp-content\/uploads\/2024\/08\/StockSnap_M6D1GS9PSL-4.jpg",768,506,false],"large":["https:\/\/psy-gestalt-franche-comte.com\/wp-content\/uploads\/2024\/08\/StockSnap_M6D1GS9PSL-4-1024x674.jpg",950,625,true],"1536x1536":["https:\/\/psy-gestalt-franche-comte.com\/wp-content\/uploads\/2024\/08\/StockSnap_M6D1GS9PSL-4-1536x1011.jpg",1536,1011,true],"2048x2048":["https:\/\/psy-gestalt-franche-comte.com\/wp-content\/uploads\/2024\/08\/StockSnap_M6D1GS9PSL-4.jpg",2000,1317,false],"inspiro-featured-image":["https:\/\/psy-gestalt-franche-comte.com\/wp-content\/uploads\/2024\/08\/StockSnap_M6D1GS9PSL-4.jpg",2000,1317,false],"inspiro-loop":["https:\/\/psy-gestalt-franche-comte.com\/wp-content\/uploads\/2024\/08\/StockSnap_M6D1GS9PSL-4-950x320.jpg",950,320,true],"inspiro-loop@2x":["https:\/\/psy-gestalt-franche-comte.com\/wp-content\/uploads\/2024\/08\/StockSnap_M6D1GS9PSL-4-1900x640.jpg",1900,640,true],"portfolio_item-thumbnail":["https:\/\/psy-gestalt-franche-comte.com\/wp-content\/uploads\/2024\/08\/StockSnap_M6D1GS9PSL-4-600x400.jpg",600,400,true],"portfolio_item-thumbnail@2x":["https:\/\/psy-gestalt-franche-comte.com\/wp-content\/uploads\/2024\/08\/StockSnap_M6D1GS9PSL-4-1200x800.jpg",1200,800,true],"portfolio_item-masonry":["https:\/\/psy-gestalt-franche-comte.com\/wp-content\/uploads\/2024\/08\/StockSnap_M6D1GS9PSL-4-600x395.jpg",600,395,true],"portfolio_item-masonry@2x":["https:\/\/psy-gestalt-franche-comte.com\/wp-content\/uploads\/2024\/08\/StockSnap_M6D1GS9PSL-4-1200x790.jpg",1200,790,true],"portfolio_item-thumbnail_cinema":["https:\/\/psy-gestalt-franche-comte.com\/wp-content\/uploads\/2024\/08\/StockSnap_M6D1GS9PSL-4-800x335.jpg",800,335,true],"portfolio_item-thumbnail_portrait":["https:\/\/psy-gestalt-franche-comte.com\/wp-content\/uploads\/2024\/08\/StockSnap_M6D1GS9PSL-4-600x900.jpg",600,900,true],"portfolio_item-thumbnail_portrait@2x":["https:\/\/psy-gestalt-franche-comte.com\/wp-content\/uploads\/2024\/08\/StockSnap_M6D1GS9PSL-4-1200x1317.jpg",1200,1317,true],"portfolio_item-thumbnail_square":["https:\/\/psy-gestalt-franche-comte.com\/wp-content\/uploads\/2024\/08\/StockSnap_M6D1GS9PSL-4-800x800.jpg",800,800,true]},"_links":{"self":[{"href":"https:\/\/psy-gestalt-franche-comte.com\/index.php\/wp-json\/wp\/v2\/pages\/37","targetHints":{"allow":["GET"]}}],"collection":[{"href":"https:\/\/psy-gestalt-franche-comte.com\/index.php\/wp-json\/wp\/v2\/pages"}],"about":[{"href":"https:\/\/psy-gestalt-franche-comte.com\/index.php\/wp-json\/wp\/v2\/types\/page"}],"author":[{"embeddable":true,"href":"https:\/\/psy-gestalt-franche-comte.com\/index.php\/wp-json\/wp\/v2\/users\/1"}],"replies":[{"embeddable":true,"href":"https:\/\/psy-gestalt-franche-comte.com\/index.php\/wp-json\/wp\/v2\/comments?post=37"}],"version-history":[{"count":20,"href":"https:\/\/psy-gestalt-franche-comte.com\/index.php\/wp-json\/wp\/v2\/pages\/37\/revisions"}],"predecessor-version":[{"id":309,"href":"https:\/\/psy-gestalt-franche-comte.com\/index.php\/wp-json\/wp\/v2\/pages\/37\/revisions\/309"}],"wp:featuredmedia":[{"embeddable":true,"href":"https:\/\/psy-gestalt-franche-comte.com\/index.php\/wp-json\/wp\/v2\/media\/30"}],"wp:attachment":[{"href":"https:\/\/psy-gestalt-franche-comte.com\/index.php\/wp-json\/wp\/v2\/media?parent=37"}],"curies":[{"name":"wp","href":"https:\/\/api.w.org\/{rel}","templated":true}]}}

<h2 class="wp-block-heading has-large-font-size" id="inspiro-is-a-digital-product-agency-that-focuses-on-strategy-and-design" style="font-style:normal;font-weight:100"><strong>Qu&#8217;est ce que la &#8220;Gestalt&#8221; ?</strong></h2>



<p>Créée par <strong>Fritz Perls</strong> dans les années 1950, la Gestalt-thérapie, plus communément appelée <strong>&#8220;Gestalt&#8221;</strong> (prononcez ainsi &#8220;gué-ch-talt&#8221;), est une méthode thérapeutique complète. C&#8217;est une approche psychothérapeutique<strong> humaniste, existentielle, relationnelle et holistique </strong>de plus en plus répandue. En se concentrant sur l&#8217;interaction entre la personne et son environnement, la &#8220;Gestalt&#8221; permet d’approfondir la <strong>connaissance de soi</strong>. Elle donne des outils pour <strong>mieux vivre au quotidien</strong>. Elle aide à <strong>mettre de la conscience</strong> sur ce qui est vécu et ressenti dans l&#8217;<strong>instant présent</strong> pour se libérer de son passé non digéré et <strong>écrire son futur.</strong></p>



<p>La &#8220;<strong>Gestalt</strong>&#8221; est une forme de psychothérapie qui met l&#8217;accent sur l&#8217;expérience dans &#8220;l&#8217;<strong>ici et maintenant</strong>&#8221; dans le but d&#8217;apporter une plus grande <strong>conscience</strong> de ce qui se vit et donc une meilleure compréhension de <strong>soi</strong> et des <strong>autres</strong>. Elle ouvre un espace pour élargir sa compréhension sur le <strong>sens de la Vie</strong>. </p>



<p>Elle soutient tout particulièrement l&#8217;<strong>autonomie</strong>, la <strong>responsabilité</strong>, la <strong>créativité</strong> en mettant l&#8217;accent sur la conscience du processus en cours, dans l&#8217;instant présent de chaque situation. Elle réhabilite le corporel, le sensoriel, l&#8217;émotionnel. Il est de la responsabilité de chacun de prendre soin de ses corps (physique, mental, émotionnel, énergétique, spirituel) qui devraient être en harmonie.</p>



<p>Elle favorise l&#8217;<strong>authenticité relationnelle</strong> et développe une<strong> perspective unifiée et cohérente de l&#8217;Etre.</strong> </p>



<p>Parce que dans les différentes parties de l'&#8221;être humain&#8221; que nous sommes, il y a une partie <strong>&#8220;Etre&#8221;</strong>. C&#8217;est le centre de qui nous sommes. C&#8217;est notre partie créatrice, capable de voir le bon, le beau, l&#8217;illimité. Nous pouvons nous y connecter et l&#8217;explorer en Gestalt Thérapie. Le côté &#8220;<strong>humain</strong>&#8221; est celui qui nous permet d&#8217;expérimenter &#8220;dans la matière&#8221;, le monde physique à travers nos émotions et nos expériences.</p>



<p>Formée et certifiée par l&#8217;<strong>EHG à Paris</strong>, je vous accompagne à travers une <strong>psychothérapie humaniste</strong> basée sur une relation soutenante dans votre processus de transformation, en prenant en compte qui vous êtes dans votre globalité : votre <strong>corps,</strong> vos <strong>émotions</strong>, vos <strong>pensées</strong>, votre <strong>Etre</strong> et votre <strong>environnement</strong> (vos relations sociales, le monde qui vous entoure).</p>



<div style="height:100px" aria-hidden="true" class="wp-block-spacer"></div>



<div class="wp-block-columns alignwide is-layout-flex wp-container-core-columns-is-layout-28f84493 wp-block-columns-is-layout-flex">
<div class="wp-block-column is-layout-flow wp-block-column-is-layout-flow">
<figure class="wp-block-image size-full is-resized"><img fetchpriority="high" decoding="async" width="862" height="457" src="https://psy-gestalt-franche-comte.com/wp-content/uploads/2024/08/harmonie-2.png" alt="" class="wp-image-88" style="width:412px;height:auto" srcset="https://psy-gestalt-franche-comte.com/wp-content/uploads/2024/08/harmonie-2.png 862w, https://psy-gestalt-franche-comte.com/wp-content/uploads/2024/08/harmonie-2-300x159.png 300w" sizes="(max-width: 862px) 100vw, 862px" /></figure>



<p class="has-text-align-center has-black-color has-text-color has-medium-font-size">TROUVER <strong>L&#8217;HARMONIE</strong></p>



<blockquote class="wp-block-quote is-layout-flow wp-block-quote-is-layout-flow">
<figure class="wp-block-pullquote has-text-color" style="color:#7a7a7a"><blockquote><p>&#8220;Mettre tout en équilibre c&#8217;est bien. Mettre tout en harmonie c&#8217;est mieux&#8221;</p><cite><em>Victor Hugo</em></cite></blockquote></figure>
</blockquote>
</div>



<div class="wp-block-column is-layout-flow wp-block-column-is-layout-flow">
<figure class="wp-block-image size-full is-resized"><img decoding="async" width="874" height="468" src="https://psy-gestalt-franche-comte.com/wp-content/uploads/2024/08/defis-2.png" alt="" class="wp-image-91" style="width:405px;height:auto" srcset="https://psy-gestalt-franche-comte.com/wp-content/uploads/2024/08/defis-2.png 874w, https://psy-gestalt-franche-comte.com/wp-content/uploads/2024/08/defis-2-300x161.png 300w" sizes="(max-width: 874px) 100vw, 874px" /></figure>



<p class="has-text-align-center has-black-color has-text-color has-medium-font-size">METTRE DU <strong>SENS</strong></p>



<figure class="wp-block-pullquote has-text-color" style="color:#7a7a7a"><blockquote><p>&#8220;Les défis sont ce qui rend la vie intéressante et les surmonter est ce qui lui donne du sens&#8221; </p><cite><em>Joshua MArine</em></cite></blockquote></figure>
</div>



<div class="wp-block-column is-layout-flow wp-block-column-is-layout-flow">
<figure class="wp-block-image aligncenter size-full is-resized"><img decoding="async" width="327" height="291" src="https://psy-gestalt-franche-comte.com/wp-content/uploads/2024/08/paix-2.png" alt="" class="wp-image-94" style="width:247px;height:auto" srcset="https://psy-gestalt-franche-comte.com/wp-content/uploads/2024/08/paix-2.png 327w, https://psy-gestalt-franche-comte.com/wp-content/uploads/2024/08/paix-2-300x267.png 300w" sizes="(max-width: 327px) 100vw, 327px" /></figure>



<p class="has-text-align-center has-black-color has-text-color has-medium-font-size">VIVRE EN <strong>PAIX</strong></p>



<figure class="wp-block-pullquote has-text-color" style="color:#7a7a7a"><blockquote><p>&#8220;Si votre coeur est en paix, rien ne peut vous déranger&#8221;<br></p><cite><em>Dalaï Lama</em></cite></blockquote></figure>
</div>
</div>

<p>Qu&#8217;est ce que la &#8220;Gestalt&#8221; ? Créée par Fritz Perls dans les années 1950, la Gestalt-thérapie, plus communément appelée &#8220;Gestalt&#8221; (prononcez ainsi &#8220;gué-ch-talt&#8221;), est une méthode thérapeutique complète. C&#8217;est une approche psychothérapeutique humaniste, existentielle, relationnelle et holistique de plus en plus répandue. En se concentrant sur l&#8217;interaction entre la personne et son environnement, la &#8220;Gestalt&#8221; &hellip; </p>
<p class="link-more"><a href="https://psy-gestalt-franche-comte.com/index.php/about/" class="more-link">Read more<span class="screen-reader-text"> &#8220;La Gestalt&#8221;</span></a></p>
