{"id":39,"date":"2024-08-26T19:42:50","date_gmt":"2024-08-26T17:42:50","guid":{"rendered":"http:\/\/psy-gestalt-franche-comte.com\/?page_id=39"},"modified":"2026-02-25T08:20:38","modified_gmt":"2026-02-25T07:20:38","slug":"contact-2","status":"publish","type":"page","link":"https:\/\/psy-gestalt-franche-comte.com\/index.php\/contact-2\/","title":{"rendered":"Informations utiles"},"content":{"rendered":"\n<p><strong>Me contacter<\/strong>  :  <mark style=\"background-color:rgba(0, 0, 0, 0)\" class=\"has-inline-color has-secondary-color\">06.18.95.81.58<\/mark> <\/p>\n\n\n\n<p><strong>O\u00f9 me rencontrer<\/strong> : mon cabinet est situ\u00e9 au P\u00f4le de Sant\u00e9, 3bis rue de Noirfond 70190 RIOZ situ\u00e9 \u00e0 25 minutes entre Besan\u00e7on et Vesoul<\/p>\n\n\n\n<p>Mon accompagnement : en pr\u00e9sentiel ou en distanciel<\/p>\n\n\n\n<p><\/p>\n\n\n\n<p><em><mark style=\"background-color:rgba(0, 0, 0, 0)\" class=\"has-inline-color has-secondary-color\">Informations pratiques au cabinet ou en distanciel<\/mark><\/em> <\/p>\n\n\n\n<p><strong>Premier contact<\/strong> : je favorise un premier contact par t\u00e9l\u00e9phone afin d&#8217;avoir un premier \u00e9change sur votre besoin (ce que vous vivez) et convenir du type de s\u00e9ance qui vous correspond le mieux entre le pr\u00e9sentiel (cabinet) et le distanciel (visio).<\/p>\n\n\n\n<p><strong>Premi\u00e8re<\/strong> <strong>s\u00e9ance<\/strong> : c&#8217;est une occasion tr\u00e8s importante pour r\u00e9pondre en d\u00e9tail \u00e0 toutes vos questions, comprendre votre(vos) motif(s) de consultation, vous pr\u00e9senter le cadre de mon accompagnement. Le premier rendez-vous est primordial : un climat de confiance et de s\u00e9curit\u00e9 s&#8217;installe si vous \u00eates au bon endroit, avec le bon praticien. Une heure est g\u00e9n\u00e9ralement n\u00e9cessaire : nous prenons le temps de faire connaissance et d\u00e9j\u00e0 quelque chose se passe. <\/p>\n\n\n\n<p><strong>Les autres s\u00e9ances<\/strong> : \u00e0 la suite de notre premier RDV, nous convenons ensemble du rythme id\u00e9al pour vous, en prenant en compte votre besoin du moment. Elles se d\u00e9roulent en 45 minutes-1 heure.<\/p>\n\n\n\n<p><strong>Prix des s\u00e9ances<\/strong> : 60\u20ac par s\u00e9ance individuelle. A partir du 01\/04\/2026, les s\u00e9ances passeront \u00e0 65\u20ac.<\/p>\n\n\n\n<p><strong>Prix des s\u00e9ances couples :<\/strong> 90\u20ac en couple, s\u00e9ances d&#8217;1H30. A partir du 01\/04\/2026, les s\u00e9ances passeront \u00e0 95\u20ac.<\/p>\n\n\n\n<p><br><strong>Modalit\u00e9s de paiement<\/strong><br>Actuellement, j&#8217;accepte le r\u00e8glement par ch\u00e8que, virement instantan\u00e9 ou en esp\u00e8ces. Utilisation de la carte bancaire impossible. Pour les consultations en distanciel, le r\u00e8glement s&#8217;effectue apr\u00e8s chaque s\u00e9ance par virement bancaire.<\/p>\n\n\n\n<p><strong>Remboursement des consultations<\/strong><br>La pratique de la Gestalt est une activit\u00e9 non r\u00e8glement\u00e9e. Ne faisant pas partie du dispositif de remboursement des &#8220;psychologues&#8221;, les consultations ne sont pas rembours\u00e9es par la s\u00e9curit\u00e9 sociale. En revanche, de nombreuses mutuelles proposent le remboursement de s\u00e9ances. Dans ce cas, je vous fournirai une facture\/attestation apr\u00e8s chaque consultation si besoin.<\/p>\n\n\n\n<p><\/p>\n\n\n\n<p><strong>Retards et annulations<\/strong><br>En cas de retard au RDV, la s\u00e9ance ne pourra pas \u00eatre prolong\u00e9e d&#8217;autant. Elle se terminera \u00e0 l&#8217;heure initialement pr\u00e9vue.<\/p>\n\n\n\n<p>Dans le cas d\u2019annulation ou de demande de d\u00e9placement d&#8217;un rendez-vous, je vous invite \u00e0 me pr\u00e9venir 48h minimum \u00e0 l\u2019avance. En dessous de ce d\u00e9lai, le r\u00e8glement de la consultation sera d\u00fb.<\/p>\n\n\n\n<p><\/p>\n\n\n\n<div class=\"wp-block-group has-global-padding is-layout-constrained wp-block-group-is-layout-constrained\">\n<div class=\"wp-block-group has-global-padding is-layout-constrained wp-block-group-is-layout-constrained\">\n<div class=\"wp-block-columns are-vertically-aligned-top is-layout-flex wp-container-core-columns-is-layout-d7d455e7 wp-block-columns-is-layout-flex\" style=\"padding-top:0;padding-right:0;padding-bottom:0;padding-left:0\">\n<div class=\"wp-block-column is-vertically-aligned-top is-layout-flow wp-block-column-is-layout-flow\" style=\"padding-right:7%;flex-basis:50%\">\n<p class=\"has-text-color\" style=\"color:#0bb4aa\"><em><mark style=\"background-color:rgba(0, 0, 0, 0)\" class=\"has-inline-color has-secondary-color\"><strong>Rencontrons-nous !<\/strong><\/mark><\/em><\/p>\n\n\n\n<p><\/p>\n\n\n\n<p>\u00a9 2025 par Isabelle Perrier, Gestalt Praticienne, tous droits r\u00e9serv\u00e9s.<\/p>\n\n\n\n<p><br><\/p>\n<\/div>\n\n\n\n<div class=\"wp-block-column is-vertically-aligned-top is-layout-flow wp-block-column-is-layout-flow\" style=\"flex-basis:50%\"><\/div>\n<\/div>\n<\/div>\n\n\n\n<div style=\"height:135px\" aria-hidden=\"true\" class=\"wp-block-spacer\"><\/div>\n<\/div>\n\n\n\n<div class=\"wp-block-group has-global-padding is-layout-constrained wp-block-group-is-layout-constrained\">\n<div style=\"height:33px\" aria-hidden=\"true\" class=\"wp-block-spacer\"><\/div>\n\n\n\n<div style=\"height:45px\" aria-hidden=\"true\" class=\"wp-block-spacer\"><\/div>\n<\/div>\n\n\n\n<p><\/p>\n","protected":false},"excerpt":{"rendered":"<p>Me contacter : 06.18.95.81.58 O\u00f9 me rencontrer : mon cabinet est situ\u00e9 au P\u00f4le de Sant\u00e9, 3bis rue de Noirfond 70190 RIOZ situ\u00e9 \u00e0 25 minutes entre Besan\u00e7on et Vesoul Mon accompagnement : en pr\u00e9sentiel ou en distanciel Informations pratiques au cabinet ou en distanciel Premier contact : je favorise un premier contact par t\u00e9l\u00e9phone &hellip; <\/p>\n<p class=\"link-more\"><a href=\"https:\/\/psy-gestalt-franche-comte.com\/index.php\/contact-2\/\" class=\"more-link\">Read more<span class=\"screen-reader-text\"> &#8220;Informations utiles&#8221;<\/span><\/a><\/p>\n","protected":false},"author":1,"featured_media":0,"parent":0,"menu_order":0,"comment_status":"closed","ping_status":"closed","template":"","meta":{"footnotes":""},"class_list":["post-39","page","type-page","status-publish","hentry"],"featured_media_urls":[],"_links":{"self":[{"href":"https:\/\/psy-gestalt-franche-comte.com\/index.php\/wp-json\/wp\/v2\/pages\/39","targetHints":{"allow":["GET"]}}],"collection":[{"href":"https:\/\/psy-gestalt-franche-comte.com\/index.php\/wp-json\/wp\/v2\/pages"}],"about":[{"href":"https:\/\/psy-gestalt-franche-comte.com\/index.php\/wp-json\/wp\/v2\/types\/page"}],"author":[{"embeddable":true,"href":"https:\/\/psy-gestalt-franche-comte.com\/index.php\/wp-json\/wp\/v2\/users\/1"}],"replies":[{"embeddable":true,"href":"https:\/\/psy-gestalt-franche-comte.com\/index.php\/wp-json\/wp\/v2\/comments?post=39"}],"version-history":[{"count":25,"href":"https:\/\/psy-gestalt-franche-comte.com\/index.php\/wp-json\/wp\/v2\/pages\/39\/revisions"}],"predecessor-version":[{"id":347,"href":"https:\/\/psy-gestalt-franche-comte.com\/index.php\/wp-json\/wp\/v2\/pages\/39\/revisions\/347"}],"wp:attachment":[{"href":"https:\/\/psy-gestalt-franche-comte.com\/index.php\/wp-json\/wp\/v2\/media?parent=39"}],"curies":[{"name":"wp","href":"https:\/\/api.w.org\/{rel}","templated":true}]}}

<p><strong>Me contacter</strong>  :  <mark style="background-color:rgba(0, 0, 0, 0)" class="has-inline-color has-secondary-color">06.18.95.81.58</mark> </p>



<p><strong>Où me rencontrer</strong> : mon cabinet est situé au Pôle de Santé, 3bis rue de Noirfond 70190 RIOZ situé à 25 minutes entre Besançon et Vesoul</p>



<p>Mon accompagnement : en présentiel ou en distanciel</p>



<p></p>



<p><em><mark style="background-color:rgba(0, 0, 0, 0)" class="has-inline-color has-secondary-color">Informations pratiques au cabinet ou en distanciel</mark></em> </p>



<p><strong>Premier contact</strong> : je favorise un premier contact par téléphone afin d&#8217;avoir un premier échange sur votre besoin (ce que vous vivez) et convenir du type de séance qui vous correspond le mieux entre le présentiel (cabinet) et le distanciel (visio).</p>



<p><strong>Première</strong> <strong>séance</strong> : c&#8217;est une occasion très importante pour répondre en détail à toutes vos questions, comprendre votre(vos) motif(s) de consultation, vous présenter le cadre de mon accompagnement. Le premier rendez-vous est primordial : un climat de confiance et de sécurité s&#8217;installe si vous êtes au bon endroit, avec le bon praticien. Une heure est généralement nécessaire : nous prenons le temps de faire connaissance et déjà quelque chose se passe. </p>



<p><strong>Les autres séances</strong> : à la suite de notre premier RDV, nous convenons ensemble du rythme idéal pour vous, en prenant en compte votre besoin du moment. Elles se déroulent en 45 minutes-1 heure.</p>



<p><strong>Prix des séances</strong> : 60€ par séance individuelle. A partir du 01/04/2026, les séances passeront à 65€.</p>



<p><strong>Prix des séances couples :</strong> 90€ en couple, séances d&#8217;1H30. A partir du 01/04/2026, les séances passeront à 95€.</p>



<p><br><strong>Modalités de paiement</strong><br>Actuellement, j&#8217;accepte le règlement par chèque, virement instantané ou en espèces. Utilisation de la carte bancaire impossible. Pour les consultations en distanciel, le règlement s&#8217;effectue après chaque séance par virement bancaire.</p>



<p><strong>Remboursement des consultations</strong><br>La pratique de la Gestalt est une activité non règlementée. Ne faisant pas partie du dispositif de remboursement des &#8220;psychologues&#8221;, les consultations ne sont pas remboursées par la sécurité sociale. En revanche, de nombreuses mutuelles proposent le remboursement de séances. Dans ce cas, je vous fournirai une facture/attestation après chaque consultation si besoin.</p>



<p></p>



<p><strong>Retards et annulations</strong><br>En cas de retard au RDV, la séance ne pourra pas être prolongée d&#8217;autant. Elle se terminera à l&#8217;heure initialement prévue.</p>



<p>Dans le cas d’annulation ou de demande de déplacement d&#8217;un rendez-vous, je vous invite à me prévenir 48h minimum à l’avance. En dessous de ce délai, le règlement de la consultation sera dû.</p>



<p></p>



<div class="wp-block-group has-global-padding is-layout-constrained wp-block-group-is-layout-constrained">
<div class="wp-block-group has-global-padding is-layout-constrained wp-block-group-is-layout-constrained">
<div class="wp-block-columns are-vertically-aligned-top is-layout-flex wp-container-core-columns-is-layout-d7d455e7 wp-block-columns-is-layout-flex" style="padding-top:0;padding-right:0;padding-bottom:0;padding-left:0">
<div class="wp-block-column is-vertically-aligned-top is-layout-flow wp-block-column-is-layout-flow" style="padding-right:7%;flex-basis:50%">
<p class="has-text-color" style="color:#0bb4aa"><em><mark style="background-color:rgba(0, 0, 0, 0)" class="has-inline-color has-secondary-color"><strong>Rencontrons-nous !</strong></mark></em></p>



<p></p>



<p>© 2025 par Isabelle Perrier, Gestalt Praticienne, tous droits réservés.</p>



<p><br></p>
</div>



<div class="wp-block-column is-vertically-aligned-top is-layout-flow wp-block-column-is-layout-flow" style="flex-basis:50%"></div>
</div>
</div>



<div style="height:135px" aria-hidden="true" class="wp-block-spacer"></div>
</div>



<div class="wp-block-group has-global-padding is-layout-constrained wp-block-group-is-layout-constrained">
<div style="height:33px" aria-hidden="true" class="wp-block-spacer"></div>



<div style="height:45px" aria-hidden="true" class="wp-block-spacer"></div>
</div>



<p></p>

<p>Me contacter : 06.18.95.81.58 Où me rencontrer : mon cabinet est situé au Pôle de Santé, 3bis rue de Noirfond 70190 RIOZ situé à 25 minutes entre Besançon et Vesoul Mon accompagnement : en présentiel ou en distanciel Informations pratiques au cabinet ou en distanciel Premier contact : je favorise un premier contact par téléphone &hellip; </p>
<p class="link-more"><a href="https://psy-gestalt-franche-comte.com/index.php/contact-2/" class="more-link">Read more<span class="screen-reader-text"> &#8220;Informations utiles&#8221;</span></a></p>
